{"id":2549,"date":"2022-09-16T10:17:32","date_gmt":"2022-09-16T08:17:32","guid":{"rendered":"https:\/\/la-cabane-a-farine.fr\/?post_type=product&#038;p=2549"},"modified":"2024-04-01T19:16:54","modified_gmt":"2024-04-01T17:16:54","slug":"belles-des-champs-citron","status":"publish","type":"product","link":"https:\/\/old.la-cabane-a-farine.fr\/produit\/belles-des-champs-citron\/","title":{"rendered":"Belles des champs citron"},"content":{"rendered":"<p>Belles des champs citron \u00e0 la <a href=\"https:\/\/la-cabane-a-farine.fr\/minoterie\/\" target=\"_blank\" rel=\"noopener\">farine de bl\u00e9* tendre semi-compl\u00e8te<\/a><\/p>\n<p>*bl\u00e9 moulu sur <a href=\"https:\/\/la-cabane-a-farine.fr\/minoterie\/\" target=\"_blank\" rel=\"noopener\">meule de pierre<\/a><\/p>\n<p><strong>Disponibilit\u00e9 :<\/strong> printemps \/ \u00e9t\u00e9<\/p>\n","protected":false},"excerpt":{"rendered":"<p>Belles des champs citron \u00e0 la farine de bl\u00e9* tendre semi-compl\u00e8te *bl\u00e9 moulu sur meule de pierre Disponibilit\u00e9 : printemps \/ \u00e9t\u00e9<\/p>\n","protected":false},"featured_media":2824,"comment_status":"closed","ping_status":"closed","template":"","meta":[],"product_cat":[51,58],"product_tag":[],"acf":[],"aioseo_notices":[],"_links":{"self":[{"href":"https:\/\/old.la-cabane-a-farine.fr\/nov-apijson\/wp\/v2\/product\/2549"}],"collection":[{"href":"https:\/\/old.la-cabane-a-farine.fr\/nov-apijson\/wp\/v2\/product"}],"about":[{"href":"https:\/\/old.la-cabane-a-farine.fr\/nov-apijson\/wp\/v2\/types\/product"}],"replies":[{"embeddable":true,"href":"https:\/\/old.la-cabane-a-farine.fr\/nov-apijson\/wp\/v2\/comments?post=2549"}],"wp:featuredmedia":[{"embeddable":true,"href":"https:\/\/old.la-cabane-a-farine.fr\/nov-apijson\/wp\/v2\/media\/2824"}],"wp:attachment":[{"href":"https:\/\/old.la-cabane-a-farine.fr\/nov-apijson\/wp\/v2\/media?parent=2549"}],"wp:term":[{"taxonomy":"product_cat","embeddable":true,"href":"https:\/\/old.la-cabane-a-farine.fr\/nov-apijson\/wp\/v2\/product_cat?post=2549"},{"taxonomy":"product_tag","embeddable":true,"href":"https:\/\/old.la-cabane-a-farine.fr\/nov-apijson\/wp\/v2\/product_tag?post=2549"}],"curies":[{"name":"wp","href":"https:\/\/api.w.org\/{rel}","templated":true}]}}

<p>Belles des champs citron à la <a href="https://la-cabane-a-farine.fr/minoterie/" target="_blank" rel="noopener">farine de blé* tendre semi-complète</a></p>
<p>*blé moulu sur <a href="https://la-cabane-a-farine.fr/minoterie/" target="_blank" rel="noopener">meule de pierre</a></p>
<p><strong>Disponibilité :</strong> printemps / été</p>

<p>Belles des champs citron à la farine de blé* tendre semi-complète *blé moulu sur meule de pierre Disponibilité : printemps / été</p>
