{"id":2546,"date":"2022-09-16T10:15:18","date_gmt":"2022-09-16T08:15:18","guid":{"rendered":"https:\/\/la-cabane-a-farine.fr\/?post_type=product&#038;p=2546"},"modified":"2024-04-01T19:18:20","modified_gmt":"2024-04-01T17:18:20","slug":"belles-des-champs-cepes","status":"publish","type":"product","link":"https:\/\/old.la-cabane-a-farine.fr\/produit\/belles-des-champs-cepes\/","title":{"rendered":"Belles des champs c\u00e8pes"},"content":{"rendered":"<p>Belles des champs c\u00e8pes \u00e0 la <a href=\"https:\/\/la-cabane-a-farine.fr\/minoterie\/\" target=\"_blank\" rel=\"noopener\">farine de bl\u00e9* tendre semi-compl\u00e8te<\/a><\/p>\n<p>*bl\u00e9 moulu sur meule de pierre<\/p>\n<p><strong>Disponibilit\u00e9 :<\/strong><span>\u00a0<\/span>automne (courant octobre\/novembre) uniquement<\/p>\n","protected":false},"excerpt":{"rendered":"<p>Belles des champs c\u00e8pes \u00e0 la farine de bl\u00e9* tendre semi-compl\u00e8te *bl\u00e9 moulu sur meule de pierre Disponibilit\u00e9 :\u00a0automne (courant octobre\/novembre) uniquement<\/p>\n","protected":false},"featured_media":2933,"comment_status":"closed","ping_status":"closed","template":"","meta":[],"product_cat":[51,58],"product_tag":[],"acf":[],"aioseo_notices":[],"_links":{"self":[{"href":"https:\/\/old.la-cabane-a-farine.fr\/nov-apijson\/wp\/v2\/product\/2546"}],"collection":[{"href":"https:\/\/old.la-cabane-a-farine.fr\/nov-apijson\/wp\/v2\/product"}],"about":[{"href":"https:\/\/old.la-cabane-a-farine.fr\/nov-apijson\/wp\/v2\/types\/product"}],"replies":[{"embeddable":true,"href":"https:\/\/old.la-cabane-a-farine.fr\/nov-apijson\/wp\/v2\/comments?post=2546"}],"wp:featuredmedia":[{"embeddable":true,"href":"https:\/\/old.la-cabane-a-farine.fr\/nov-apijson\/wp\/v2\/media\/2933"}],"wp:attachment":[{"href":"https:\/\/old.la-cabane-a-farine.fr\/nov-apijson\/wp\/v2\/media?parent=2546"}],"wp:term":[{"taxonomy":"product_cat","embeddable":true,"href":"https:\/\/old.la-cabane-a-farine.fr\/nov-apijson\/wp\/v2\/product_cat?post=2546"},{"taxonomy":"product_tag","embeddable":true,"href":"https:\/\/old.la-cabane-a-farine.fr\/nov-apijson\/wp\/v2\/product_tag?post=2546"}],"curies":[{"name":"wp","href":"https:\/\/api.w.org\/{rel}","templated":true}]}}

Belles des champs cèpes

<p>Belles des champs cèpes à la <a href="https://la-cabane-a-farine.fr/minoterie/" target="_blank" rel="noopener">farine de blé* tendre semi-complète</a></p>
<p>*blé moulu sur meule de pierre</p>
<p><strong>Disponibilité :</strong><span> </span>automne (courant octobre/novembre) uniquement</p>

<p>Belles des champs cèpes à la farine de blé* tendre semi-complète *blé moulu sur meule de pierre Disponibilité : automne (courant octobre/novembre) uniquement</p>
