{"id":2540,"date":"2022-09-16T10:10:31","date_gmt":"2022-09-16T08:10:31","guid":{"rendered":"https:\/\/la-cabane-a-farine.fr\/?post_type=product&#038;p=2540"},"modified":"2024-04-01T19:10:10","modified_gmt":"2024-04-01T17:10:10","slug":"campagnardes-legumes","status":"publish","type":"product","link":"https:\/\/old.la-cabane-a-farine.fr\/produit\/campagnardes-legumes\/","title":{"rendered":"Campagnardes L\u00e9gumes"},"content":{"rendered":"<p>Campagnardes l\u00e9gumes** \u00e0 la <a href=\"https:\/\/la-cabane-a-farine.fr\/ferme\/\" target=\"_blank\" rel=\"noopener\">farine de bl\u00e9* tendre semi-compl\u00e8te<\/a><\/p>\n<p>*bl\u00e9 moulu sur <a href=\"https:\/\/la-cabane-a-farine.fr\/minoterie\/\" target=\"_blank\" rel=\"noopener\">meule de pierre<\/a><\/p>\n<p>** tomate, betterave rouge, \u00e9pinards, curcuma<\/p>\n","protected":false},"excerpt":{"rendered":"<p>Campagnardes l\u00e9gumes** \u00e0 la farine de bl\u00e9* tendre semi-compl\u00e8te *bl\u00e9 moulu sur meule de pierre ** tomate, betterave rouge, \u00e9pinards, curcuma<\/p>\n","protected":false},"featured_media":2827,"comment_status":"closed","ping_status":"closed","template":"","meta":[],"product_cat":[57,51],"product_tag":[],"acf":[],"aioseo_notices":[],"_links":{"self":[{"href":"https:\/\/old.la-cabane-a-farine.fr\/nov-apijson\/wp\/v2\/product\/2540"}],"collection":[{"href":"https:\/\/old.la-cabane-a-farine.fr\/nov-apijson\/wp\/v2\/product"}],"about":[{"href":"https:\/\/old.la-cabane-a-farine.fr\/nov-apijson\/wp\/v2\/types\/product"}],"replies":[{"embeddable":true,"href":"https:\/\/old.la-cabane-a-farine.fr\/nov-apijson\/wp\/v2\/comments?post=2540"}],"wp:featuredmedia":[{"embeddable":true,"href":"https:\/\/old.la-cabane-a-farine.fr\/nov-apijson\/wp\/v2\/media\/2827"}],"wp:attachment":[{"href":"https:\/\/old.la-cabane-a-farine.fr\/nov-apijson\/wp\/v2\/media?parent=2540"}],"wp:term":[{"taxonomy":"product_cat","embeddable":true,"href":"https:\/\/old.la-cabane-a-farine.fr\/nov-apijson\/wp\/v2\/product_cat?post=2540"},{"taxonomy":"product_tag","embeddable":true,"href":"https:\/\/old.la-cabane-a-farine.fr\/nov-apijson\/wp\/v2\/product_tag?post=2540"}],"curies":[{"name":"wp","href":"https:\/\/api.w.org\/{rel}","templated":true}]}}

Campagnardes Légumes

<p>Campagnardes légumes** à la <a href="https://la-cabane-a-farine.fr/ferme/" target="_blank" rel="noopener">farine de blé* tendre semi-complète</a></p>
<p>*blé moulu sur <a href="https://la-cabane-a-farine.fr/minoterie/" target="_blank" rel="noopener">meule de pierre</a></p>
<p>** tomate, betterave rouge, épinards, curcuma</p>

<p>Campagnardes légumes** à la farine de blé* tendre semi-complète *blé moulu sur meule de pierre ** tomate, betterave rouge, épinards, curcuma</p>
