{"id":2520,"date":"2022-09-16T09:56:13","date_gmt":"2022-09-16T07:56:13","guid":{"rendered":"https:\/\/la-cabane-a-farine.fr\/?post_type=product&#038;p=2520"},"modified":"2024-04-01T18:58:52","modified_gmt":"2024-04-01T16:58:52","slug":"formes-aleatoire-a-lepeautre","status":"publish","type":"product","link":"https:\/\/old.la-cabane-a-farine.fr\/produit\/formes-aleatoire-a-lepeautre\/","title":{"rendered":"Formes al\u00e9atoire \u00e0 l&#8217;\u00e9peautre"},"content":{"rendered":"<p>Sp\u00e9cialit\u00e9 fermi\u00e8re \u00e0 la farine de <a href=\"https:\/\/la-cabane-a-farine.fr\/ferme\/\" target=\"_blank\" rel=\"noopener\">grand \u00e9peautre non-hybrid\u00e9<\/a>*<\/p>\n<p>Forme al\u00e9atoire suivant la production<\/p>\n<p>*grand \u00e9peautre moulu sur <a href=\"https:\/\/la-cabane-a-farine.fr\/minoterie\/\" target=\"_blank\" rel=\"noopener\">meule de pierre<\/a><\/p>\n<p>&nbsp;<\/p>\n","protected":false},"excerpt":{"rendered":"<p>Sp\u00e9cialit\u00e9 fermi\u00e8re \u00e0 la farine de grand \u00e9peautre non-hybrid\u00e9* Forme al\u00e9atoire suivant la production *grand \u00e9peautre moulu sur meule de pierre &nbsp;<\/p>\n","protected":false},"featured_media":2825,"comment_status":"closed","ping_status":"closed","template":"","meta":[],"product_cat":[56,51],"product_tag":[],"acf":[],"aioseo_notices":[],"_links":{"self":[{"href":"https:\/\/old.la-cabane-a-farine.fr\/nov-apijson\/wp\/v2\/product\/2520"}],"collection":[{"href":"https:\/\/old.la-cabane-a-farine.fr\/nov-apijson\/wp\/v2\/product"}],"about":[{"href":"https:\/\/old.la-cabane-a-farine.fr\/nov-apijson\/wp\/v2\/types\/product"}],"replies":[{"embeddable":true,"href":"https:\/\/old.la-cabane-a-farine.fr\/nov-apijson\/wp\/v2\/comments?post=2520"}],"wp:featuredmedia":[{"embeddable":true,"href":"https:\/\/old.la-cabane-a-farine.fr\/nov-apijson\/wp\/v2\/media\/2825"}],"wp:attachment":[{"href":"https:\/\/old.la-cabane-a-farine.fr\/nov-apijson\/wp\/v2\/media?parent=2520"}],"wp:term":[{"taxonomy":"product_cat","embeddable":true,"href":"https:\/\/old.la-cabane-a-farine.fr\/nov-apijson\/wp\/v2\/product_cat?post=2520"},{"taxonomy":"product_tag","embeddable":true,"href":"https:\/\/old.la-cabane-a-farine.fr\/nov-apijson\/wp\/v2\/product_tag?post=2520"}],"curies":[{"name":"wp","href":"https:\/\/api.w.org\/{rel}","templated":true}]}}

Formes aléatoire à l&#8217;épeautre

<p>Spécialité fermière à la farine de <a href="https://la-cabane-a-farine.fr/ferme/" target="_blank" rel="noopener">grand épeautre non-hybridé</a>*</p>
<p>Forme aléatoire suivant la production</p>
<p>*grand épeautre moulu sur <a href="https://la-cabane-a-farine.fr/minoterie/" target="_blank" rel="noopener">meule de pierre</a></p>
<p>&nbsp;</p>

<p>Spécialité fermière à la farine de grand épeautre non-hybridé* Forme aléatoire suivant la production *grand épeautre moulu sur meule de pierre &nbsp;</p>
