{"id":2514,"date":"2022-09-16T09:50:52","date_gmt":"2022-09-16T07:50:52","guid":{"rendered":"https:\/\/la-cabane-a-farine.fr\/?post_type=product&#038;p=2514"},"modified":"2024-04-01T19:06:25","modified_gmt":"2024-04-01T17:06:25","slug":"pates-fermieres-aux-oeufs","status":"publish","type":"product","link":"https:\/\/old.la-cabane-a-farine.fr\/produit\/pates-fermieres-aux-oeufs\/","title":{"rendered":"P\u00e2tes fermi\u00e8res aux \u0153ufs"},"content":{"rendered":"<p>P\u00e2tes fermi\u00e8res aux \u0153ufs \u00e0 la<span>\u00a0<\/span><a href=\"https:\/\/la-cabane-a-farine.fr\/ferme\/\" target=\"_blank\" rel=\"noopener\">farine de bl\u00e9* dur semi-compl\u00e8te<\/a><\/p>\n<p><a href=\"https:\/\/la-cabane-a-farine.fr\/minoterie\/\" target=\"_blank\" rel=\"noopener\">* bl\u00e9 moulu sur meule de pierre<\/a><\/p>\n","protected":false},"excerpt":{"rendered":"<p>P\u00e2tes fermi\u00e8res aux \u0153ufs \u00e0 la\u00a0farine de bl\u00e9* dur semi-compl\u00e8te * bl\u00e9 moulu sur meule de pierre<\/p>\n","protected":false},"featured_media":2081,"comment_status":"closed","ping_status":"closed","template":"","meta":[],"product_cat":[56,51],"product_tag":[],"acf":[],"aioseo_notices":[],"_links":{"self":[{"href":"https:\/\/old.la-cabane-a-farine.fr\/nov-apijson\/wp\/v2\/product\/2514"}],"collection":[{"href":"https:\/\/old.la-cabane-a-farine.fr\/nov-apijson\/wp\/v2\/product"}],"about":[{"href":"https:\/\/old.la-cabane-a-farine.fr\/nov-apijson\/wp\/v2\/types\/product"}],"replies":[{"embeddable":true,"href":"https:\/\/old.la-cabane-a-farine.fr\/nov-apijson\/wp\/v2\/comments?post=2514"}],"wp:featuredmedia":[{"embeddable":true,"href":"https:\/\/old.la-cabane-a-farine.fr\/nov-apijson\/wp\/v2\/media\/2081"}],"wp:attachment":[{"href":"https:\/\/old.la-cabane-a-farine.fr\/nov-apijson\/wp\/v2\/media?parent=2514"}],"wp:term":[{"taxonomy":"product_cat","embeddable":true,"href":"https:\/\/old.la-cabane-a-farine.fr\/nov-apijson\/wp\/v2\/product_cat?post=2514"},{"taxonomy":"product_tag","embeddable":true,"href":"https:\/\/old.la-cabane-a-farine.fr\/nov-apijson\/wp\/v2\/product_tag?post=2514"}],"curies":[{"name":"wp","href":"https:\/\/api.w.org\/{rel}","templated":true}]}}

Pâtes fermières aux œufs

<p>Pâtes fermières aux œufs à la<span> </span><a href="https://la-cabane-a-farine.fr/ferme/" target="_blank" rel="noopener">farine de blé* dur semi-complète</a></p>
<p><a href="https://la-cabane-a-farine.fr/minoterie/" target="_blank" rel="noopener">* blé moulu sur meule de pierre</a></p>

<p>Pâtes fermières aux œufs à la farine de blé* dur semi-complète * blé moulu sur meule de pierre</p>
